{"id":134,"date":"2012-10-14T13:46:27","date_gmt":"2012-10-14T11:46:27","guid":{"rendered":"http:\/\/www.me-weiterbildung.de\/kinderhilfe\/?page_id=134"},"modified":"2014-08-12T10:45:18","modified_gmt":"2014-08-12T08:45:18","slug":"widerrufsrecht","status":"publish","type":"page","link":"https:\/\/www.me-weiterbildung.de\/kinderhilfe\/cds-bestellen\/widerrufsrecht","title":{"rendered":"Widerrufsrecht"},"content":{"rendered":"<p><strong>(1)<\/strong> Dem Kunden steht ein Widerrufsrecht gem\u00e4\u00df \u00a7 312 d BGB i.V.m. \u00a7\u00a7 355 ff BGB zu. Nach diesen Vorschriften ist der Kunde berechtigt, den mit uns geschlossenen Kaufvertrag innerhalb einer Frist von zwei Wochen zu widerrufen, gerechnet vom Tag des Eingangs der Ware bei ihm. Zur Fristwahrung gen\u00fcgt die rechtzeitige Absendung der Widerrufserkl\u00e4rung oder der gelieferten Ware an uns. Die Widerrufserkl\u00e4rung bedarf keiner Begr\u00fcndung und keiner Unterzeichnung durch den Kunden. Das Widerrufsrecht erlischt sechs Monate nach Eingang der gelieferten Waren beim Kunden.<\/p>\n<p><strong>(2)<\/strong> Wenn der Bestellwert der aufgrund eines Widerrufs zur\u00fcckgegebenen Ware \u20ac 40,00 nicht \u00fcbersteigt, tr\u00e4gt der Kunde die Kosten der R\u00fccksendung. Im \u00dcbrigen tragen wir die R\u00fccksendungskosten in H\u00f6he des jeweils g\u00fcnstigsten Tarifs.<\/p>\n<p><strong>(3)<\/strong> Das Widerrufsrecht besteht mangels anderer Vereinbarung und unbeschadet anderer gesetzlicher Bestimmungen nicht:<\/p>\n<p>&#8211; bei Lieferung von Audio- oder Videoaufzeichnungen, sofern die gelieferten Datentr\u00e4ger vom Kunden entsiegelt worden sind.<\/p>\n<p><strong>(4)<\/strong> Dieses Widerrufsrecht gilt nicht f\u00fcr Kaufleute im Sinne des HGB, f\u00fcr die der mit uns geschlossene Vertrag ein Handelsgesch\u00e4ft im Sinne der \u00a7\u00a7 343 ff. HGB ist.<\/p>\n<p><a title=\"CD(s) bestellen\" href=\"https:\/\/www.me-weiterbildung.de\/kinderhilfe\/cds-bestellen\">\u00ab Zur\u00fcck zur CD-Bestell-Seite<\/a><\/p>\n","protected":false},"excerpt":{"rendered":"<p>(1) Dem Kunden steht ein Widerrufsrecht gem\u00e4\u00df \u00a7 312 d BGB i.V.m. \u00a7\u00a7 355 ff BGB zu. Nach diesen Vorschriften ist der Kunde berechtigt, den mit uns geschlossenen Kaufvertrag innerhalb einer Frist von zwei Wochen zu widerrufen, gerechnet vom Tag &hellip; <a href=\"https:\/\/www.me-weiterbildung.de\/kinderhilfe\/cds-bestellen\/widerrufsrecht\">Weiterlesen <span class=\"meta-nav\">&rarr;<\/span><\/a><\/p>\n","protected":false},"author":1,"featured_media":0,"parent":9,"menu_order":2,"comment_status":"closed","ping_status":"closed","template":"","meta":{"footnotes":""},"aioseo_notices":[],"_links":{"self":[{"href":"https:\/\/www.me-weiterbildung.de\/kinderhilfe\/wp-json\/wp\/v2\/pages\/134"}],"collection":[{"href":"https:\/\/www.me-weiterbildung.de\/kinderhilfe\/wp-json\/wp\/v2\/pages"}],"about":[{"href":"https:\/\/www.me-weiterbildung.de\/kinderhilfe\/wp-json\/wp\/v2\/types\/page"}],"author":[{"embeddable":true,"href":"https:\/\/www.me-weiterbildung.de\/kinderhilfe\/wp-json\/wp\/v2\/users\/1"}],"replies":[{"embeddable":true,"href":"https:\/\/www.me-weiterbildung.de\/kinderhilfe\/wp-json\/wp\/v2\/comments?post=134"}],"version-history":[{"count":3,"href":"https:\/\/www.me-weiterbildung.de\/kinderhilfe\/wp-json\/wp\/v2\/pages\/134\/revisions"}],"predecessor-version":[{"id":236,"href":"https:\/\/www.me-weiterbildung.de\/kinderhilfe\/wp-json\/wp\/v2\/pages\/134\/revisions\/236"}],"up":[{"embeddable":true,"href":"https:\/\/www.me-weiterbildung.de\/kinderhilfe\/wp-json\/wp\/v2\/pages\/9"}],"wp:attachment":[{"href":"https:\/\/www.me-weiterbildung.de\/kinderhilfe\/wp-json\/wp\/v2\/media?parent=134"}],"curies":[{"name":"wp","href":"https:\/\/api.w.org\/{rel}","templated":true}]}}